e the second derivative of -13*z + 1/2*z**3 - 3/2*z**2 + 0. Let k be -6*(2*-1)/6. Give w(k).
3
Let b(d) = d**3 + 9*d**2 + 6*d + 8. Suppose -65*g + 88 - 4 = -77*g. Give b(g).
64
Let j(h) = 2*h + 5. Let g be j(0). Suppose g*k - 2*x = x + 13, -4*x - 12 = -4*k. Let m(d) = -2*d**k - 4*d + 9*d**2 - 6*d**2 + 3*d. What is m(-1)?
2
Let r(x) = 7*x - 59. Let t be r(12). Suppose 0 = 32*l - t*l. Let v(b) = -b**3 - b**2 - b - 14. Calculate v(l).
-14
Let s(v) = -6*v**3 + 3*v**2 + 15*v + 8. Let y(t) = -4*t + 12*t**3 - 1 + t - 11*t**3 - t**2 + 0. Let b(z) = s(z) + 5*y(z). Calculate b(-3).
12
Suppose 9*l = -5*l + 17*l - 27. Let q(d) = -d - 20. Determine q(l).
-29
Let l(p) = -2*p + 159. Let r(w) = -5*w + 497. Let x(s) = 19*l(s) - 6*r(s). What is x(6)?
-9
Let l(t) be the third derivative of -t**6/120 + t**5/12 - t**3/6 + 19*t**2. Let r = -912 - -918. What is l(r)?
-37
Let y(n) = 35*n - 24*n - 45 + 50 - 21*n. Let i = -11 - -7. Give y(i).
45
Let k be ((-3)/1)/((-24)/(-16)). Let f(d) = -18*d - 36. What is f(k)?
0
Let v be (12 - 10) + 0 + 6. Let t(r) = -19*r + v*r - 4*r**2 + 5*r**2 - 3 + 9*r. Give t(3).
0
Let o(w) = w**3 - 10*w**2 - 9*w - 19. Suppose -367 = -22*i - 59. Suppose -58*a = -i*a - 484. What is o(a)?
3
Let n(a) = a**2 + 2*a - 2. Let y = -49 + 53. Suppose 4*t + y = -4*q + 2*q, t = -5*q + 35. Let c be q*((-9)/(-4))/(-3). What is n(c)?
22
Let o = -87 + 86. Let j(r) = -r - 1. Let h(l) be the third derivative of l**4/6 - l**3/2 + 5*l**2. Let k(y) = h(y) - 2*j(y). Give k(o).
-7
Let k(o) be the first derivative of -o**4/2 + 4*o**3 - o**2 + 7*o - 987. Give k(6).
-5
Suppose 55*g - 47*g - 56 = 0. Suppose g = -53*w + 46*w. Let z(i) = 10*i - 4. Let l(b) = 9*b - 5. Let h(y) = 5*l(y) - 6*z(y). Calculate h(w).
14
Let g(i) be the third derivative of 3*i**2 + 1/2*i**3 + 0*i**4 - 1/20*i**5 + 0 + 1/120*i**6 + 0*i. Let t = -1560 - -1563. Determine g(t).
3
Let s(h) = 2*h**3 + 19*h**2 - 10*h - 2. Let k(n) = -18*n + 206. Let x be k(12). Calculate s(x).
-2
Suppose 5*v + 20 = -2*c + 62, -4*v = -4*c. Let l(u) = 32*u - 191. Calculate l(v).
1
Let w(y) = -3*y - 19. Let o(f) = -2*f**3 + 8*f**2 + 4*f + 19. Let c be o(5). Calculate w(c).
14
Suppose 8*b - 4*b = 40. Let c(v) = -b + 9 - v + 5*v. Let i be (11 + -9)*3/2. Give c(i).
11
Let x(f) = -f**3 - 16*f**2 - 12*f - 67. Let z(l) = -4*l**2 + l. Let r(k) = x(k) - 3*z(k). Give r(-4).
-7
Let a(r) be the third derivative of -r**5/15 - r**4/6 - r**3/6 - 2533*r**2. Determine a(-2).
-9
Let g = -145667 + 145672. Let h(d) = -d**3 - 4*d**2 + 5*d + 1. Let m be h(-5). Let b(r) = -7*r**2 + 7*r + r**3 + 0 + m + 1. Give b(g).
-13
Let s(g) = g**2 + 3*g - 7. Let o(y) be the third derivative of 0*y + 0*y**5 + 0 + 13*y**2 - 5/6*y**3 - 1/120*y**6 - 1/24*y**4. Let c be o(0). What is s(c)?
3
Let j(r) = -r**3 - 10*r**2 - 10*r + 10. Let x be ((-14)/3)/(2/4) - 254/(-762). Calculate j(x).
19
Let t be (-10)/45 - 845/(-90) - 9. Let c(y) be the second derivative of 2*y**2 + t*y**3 - 8*y + 0 - 1/12*y**4. What is c(-3)?
-8
Suppose -5*z + 2*w = 22, 14*z = 10*z - w - 41. Let g(r) = 3*r + 7. Give g(z).
-17
Let m(t) = t**3 + 19*t**2 - 43*t - 32. Let p(q) = 8*q - 389. Let i be p(46). Determine m(i).
-11
Let m(f) be the first derivative of f**4/4 - 4*f**3/3 - 11*f**2/2 - f - 16. Let g be m(6). Let x(s) = 3*s - 13. Let p be x(g). Let a(r) = -2*r + 1. Give a(p).
-3
Let j(d) = -3*d - 13. Let y = -6 - -13. Suppose -5 = -r, 50 = -3*x + 5*r + y. Let b be j(x). Let l(q) = -4*q + 4. What is l(b)?
-16
Let r(j) = -4*j - 130. Let n be (3146/11)/(-13) + -8. What is r(n)?
-10
Let q(a) = -a**3 + 2*a**2 + 2*a - 3. Let w = -24 + 26. Let x be q(w). Let p(t) = -x - t - t + 13*t. Give p(1).
10
Suppose 0 = -38*x - 249 + 219 - 274. Let y(d) = d**2 + 27*d + 154. Determine y(x).
2
Let o(p) = p - 291. Let n(h) = -h + 143. Let d(v) = 2*n(v) + o(v). Let u be 2/10 - (-112)/(-10). Calculate d(u).
6
Let x(o) = o**2 + 4*o. Let g(h) = h**3 + 6*h**2 - 4*h + 15. Let u be g(-6). Suppose -7*q = -3 - u. Suppose -q*r - 5 = 13. What is x(r)?
-3
Let p(s) = s + 6. Let r(c) = -c**3 - 7*c**2 + 2*c - 7. Let i be r(-6). Let n be 4/(-3)*(-69)/2. Let t = i + n. Calculate p(t).
-3
Let k be 1/2 - (-150)/100. Let y(g) = 2 - 3*g**2 - 22*g + k*g**2 + 2*g**2 + 8 + 11*g. Give y(7).
-18
Suppose 2*f = 3*z - 34, -3*z - z + 12 = 4*f. Suppose 171 = -z*a + 259. Let t(h) = -h**2 + 11*h - 14. Give t(a).
-14
Let p = -5417 - -5420. Let j(x) be the second derivative of 0 - 1/20*x**5 + 15*x + 11/2*x**2 + 0*x**p + 1/12*x**4. Calculate j(0).
11
Let i be 3 - 4 - (1 - 3). Let s(l) = 1. Let y(c) = -c**2 - 2*c. Let o(w) = i*y(w) - 2*s(w). Give o(3).
-17
Let p(f) be the second derivative of -3*f**4/4 + f**3/3 + f**2 - 43*f. Suppose 56 = 44*d - 16*d. Determine p(d).
-30
Let v(g) = 4*g - 28. Let z(d) = 3*d**3 + 104*d**2 - 7*d + 989. Let r be z(-35). Give v(r).
8
Let h(m) be the first derivative of -m**3/3 + 10*m**2 - 72*m - 162. What is h(16)?
-8
Let k(a) = 3*a**2 + 82*a + 19. Suppose m - 22*m + 6*m - 405 = 0. What is k(m)?
-8
Let u(o) = -3*o**2 - 12*o - 9. Let c = 132 - 91. Let a(t) = t**2 + 45 + 6*t - 81 + c. Let g(r) = -5*a(r) - 2*u(r). Give g(8).
9
Let q(x) = x**2. Suppose 2*r = -6*r - 1312. Let m = 163 + r. Calculate q(m).
1
Let w(j) = j**3 - 10. Let c = 93 + -23. Let b = c + -68. Let u be (1/b + 0)*0. Calculate w(u).
-10
Let q(l) = l**2 - 8*l - 5. Suppose 1 - 3 = -s. Suppose -3*v + 17 = f, -s*v = -6*v + 4*f + 28. Determine q(v).
-17
Let q(i) = 2*i**2 + 6*i + 5. Suppose -3*a + 47 = -10. Suppose -22*c = -a*c + 9. Let d be q(c). Let k(t) = -t**2 + 5*t + 2. Give k(d).
2
Let j(x) = -2*x - 24. Let z(p) = 35*p**2 + 272*p - 64. Let q be z(-8). What is j(q)?
-24
Let j be 1 + ((-36)/84 - (-30)/21). Let k(m) = -m**3 - 2*m**2 - 2*m + 4. What is k(j)?
-16
Let z(l) be the first derivative of -l**3 - l**2/2 + 5*l + 754. What is z(0)?
5
Let t(f) be the first derivative of 0*f**2 + 0*f + 1/24*f**5 - 35/3*f**3 + 1/6*f**4 - 18 + 1/360*f**6. Let p(m) be the third derivative of t(m). Give p(-4).
0
Let h(d) = -3*d**2 - d - 9. Let u(r) = 4*r**2 + 4*r + 13. Let l(m) = 5*h(m) + 4*u(m). Give l(-11).
7
Let b = 115 + -116. Let o(a) = 33*a**2 - 6*a - 13. Let x(r) = 97*r**2 - 17*r - 37. Let v(g) = 17*o(g) - 6*x(g). What is v(b)?
-20
Let p(a) be the first derivative of 1/4*a**4 + 4*a**2 + 8/3*a**3 - 4 - 3*a. Let s be ((35/(-10))/1)/((-3)/(-6)). Determine p(s).
-10
Let a be ((-6)/(-10))/((-12)/(-40)). Let f(h) = 8*h + 32*h**a + 18 - 23 - 33*h**2. Give f(5).
10
Let l(g) = 142*g**2 + 4*g + 3. Let m(h) = -379*h**2 - 13*h - 10. Let t(j) = 8*l(j) + 3*m(j). Let a(y) = y - 8. Let v be a(4). What is t(v)?
6
Let k(j) = -j**3 - 8*j**2 + 7*j - 15. Suppose 101*s + 929 = 20. Calculate k(s).
3
Let r(z) = -2*z**2 + 4*z + 2. Let h be 5/1*(-8)/(-20). Let p(n) = 2*n**2 - 5*n - 2. Let c(k) = h*p(k) + 3*r(k). Let y be 72/8 + (3 - 9). Determine c(y).
-10
Let p(j) = -13*j. Suppose 5*g = -w - 38, 4*g - g = 3*w - 12. Let d(o) = -18*o + 1. Let y(t) = g*p(t) + 5*d(t). Determine y(7).
12
Let o(h) = h - 5. Suppose 6*u = -680 + 554. Let s be 8*(-2)/14*u/(-6). What is o(s)?
-9
Let j(n) = 49*n - 78*n**2 + 80 + 13 + 70*n**2. Give j(-2).
-37
Suppose 65*z + 301 = 108*z. Let r(q) = q + 2. Let p(v) = 3*v + 4. Suppose -10 = -i - i. Let k(d) = i*r(d) - 2*p(d). What is k(z)?
-5
Let j = -334 - -397. Suppose -d = 5*l + j, 46 = -4*l - 0*l - 3*d. Let q(x) = -x**2 - 15*x - 10. Give q(l).
16
Let f(y) = 21*y**2 + y - 4. Suppose d = -j + 3, -d + 0*d + 3 = 2*j. Let z be f(d). Let m(n) = 190*n - 1 - z*n - 2. Calculate m(-3).
-9
Let g(l) be the third derivative of -l**7/504 + l**6/720 + l**5/120 + 33*l**4/8 + 114*l**2. Let h(x) be the second derivative of g(x). What is h(-1)?
-5
Let r(v) be the second derivative of v**4/12 - v**3/3 + 2*v**2 + v. Let h = 48 + -48. Suppose h = -3*f + 1 + 14. Determine r(f).
19
Suppose 0 = -2*b - z + 16, -2*z + 9 = b + 4. Let p(q) = -16*q + 14. Let n(c) = 7*c - 7. Let i(l) = b*n(l) + 4*p(l). Calculate i(0).
-7
Let s(k) = -9*k**2 + 1. Let r be s(1). Let c(v) = -71*v + 1. Let u(q) = -567*q + 9. Let j(m) = 8*c(m) - u(m). Give j(r).
7
Let x(o) = -5*o**2 - 20*o + 98. Let m(g) = -g**2 + g - 5. Let d(q) = 4*m(q) - x(q). What is d(4)?
-6
Suppose -153 = -36*a + 35*a. Suppose -27*s + a = -10*s. Let o(u) = 3*u - 13. Determine o(s).
14
Let g = -34 + 37. Suppose 4*w = -g*w + 35. Suppose 2*u - 17 = 3*n